3*j(a). Let s(h) = 8*k(h) + 3*t(h). Let q be 2*(6/4)/(-3). Give s(q).
1
Suppose -4*l + v - 2*v + 18 = 0, 2*l = 3*v + 16. Let w(x) = x**2 - 3*x - 7. Determine w(l).
3
Let d(c) = -12*c**3 + c**2 - 1. Let w = 1 + 3. Suppose -w*r + 5 = r. What is d(r)?
-12
Let z(u) = -5*u**2 + u + 3. Let x(j) = j**2 - 1. Let s be ((-11)/3 - -3)*6. Let d(v) = s*x(v) - z(v). Give d(2).
3
Let d(n) be the third derivative of n**5/10 - n**4/24 - 14*n**2. Give d(-1).
7
Let t(i) = i**2 + 3. Let q(r) = r**2 - r + 2. Let c(v) = 3*q(v) - 2*t(v). Give c(4).
4
Let o(w) = 2*w**2 + 11*w - 23. Let a be o(-7). Let k(f) = -11*f - 1. Determine k(a).
21
Let q(r) = -2*r. Suppose -4*i = -5*v - 2 - 6, -5*v - 11 = -3*i. Let b(k) = k**3 + 3*k**2 + k + 4. Let l be b(i). Determine q(l).
-2
Let c(x) = x + 2. Let v be ((-12)/18)/(4/(-12)). Give c(v).
4
Let j(b) = b**2 + 0*b - 4*b + 2 + 0*b**2. Suppose -5*f = -5*h - 10, -5*h - 3*f - 6 = -36. Let t(l) = l + 1. Let u be t(h). What is j(u)?
2
Let j(a) be the second derivative of -a**4/3 - a**3/6 - 4*a. Let m(y) = -7*y**2 - 2*y + 1. Let n(z) = 5*j(z) - 3*m(z). Calculate n(-3).
3
Let a(k) = -k**2 + 4*k + 1. Let n be -4*(-2)/(-8)*-3. What is a(n)?
4
Let j(u) = -u**3 + 5*u**2 - 3*u. Let c(n) = -n**3 + 5*n**2 - 3*n - 1. Let r be c(3). Let y be (-1)/((-2)/r*1). Calculate j(y).
4
Suppose 4*y = -14 + 2. Let n be (-4)/3*y/2. Let q(l) = -n + 4 + 1 + l**2 - 2*l**2. Calculate q(0).
3
Let t(v) be the third derivative of 2/3*v**3 + 0*v + 1/24*v**4 - 3*v**2 + 0. What is t(-4)?
0
Let r(l) be the first derivative of -l**4 + l**2 + l + 14. Determine r(-1).
3
Let k(b) = 5*b**2 - 10*b + 5. Let v(j) = -14*j**2 + 29*j - 14. Let i(c) = -17*k(c) - 6*v(c). Let f be 2/8 + 27/4. Suppose -f = 5*o + 13. Give i(o).
-1
Let j(z) be the third derivative of -z**7/2520 - z**6/720 + z**5/12 + z**2. Let r(l) be the third derivative of j(l). Give r(1).
-3
Suppose a = 3*a - 4. Let q(l) be the first derivative of l - 3*l**a - 3 + 5 - 1. Determine q(1).
-5
Let x(p) = -7*p**3 + 12*p**2 + 5*p + 1. Let v = 4 + 1. Let s(b) = 6*b**3 - 11*b**2 - 4*b - 1. Let t(f) = v*x(f) + 6*s(f). Determine t(6).
5
Let u(a) be the second derivative of -a**5/20 + a**4/2 - 2*a**3/3 - 3*a**2/2 - a. Determine u(5).
2
Suppose 2*p - 2 = 3*w + 2, -5*w = 2*p + 28. Let o(v) be the second derivative of v**4/12 + v**3 + 2*v**2 - v. Determine o(p).
-4
Let w = 23 + -20. Let y be w - (-1 + 0)*5. Let o(f) = f**2 - 9*f + 9. Calculate o(y).
1
Let u be ((-2)/(-5))/(1/5). Let w be 1 + (-4 - (0 - u)). Let s(a) = 3*a + 1. Determine s(w).
-2
Let q be 63/147 + 39/7. Let z be (-2)/(((-20)/q)/(-5)). Let d(t) = t**2 + t. What is d(z)?
6
Let b(s) = -5 - s - 1 - 3 + 4. Give b(-7).
2
Let i = -113 - -104. Let k(w) = -w + 1. Give k(i).
10
Suppose -4*s - 5*q - 7 = 0, -4*q = 3*s + 6 - 0. Let v(l) = -3*l - 4 + 5*l + 3. Give v(s).
3
Suppose 6*m = 3*p + 2*m - 2, 0 = -5*m + 5. Let s(c) = -4*c + p*c + 5*c. Calculate s(3).
9
Let y(l) = -l - 2. Let x = -1 + 0. Suppose 0*j - 4*j = -12. Let s = j + x. What is y(s)?
-4
Let j(x) be the second derivative of 0*x**3 + 1/720*x**6 + 3*x + 0 + 0*x**2 + 1/4*x**4 + 1/120*x**5. Let f(w) be the third derivative of j(w). Calculate f(4).
5
Let s(a) = a**3 + 4*a**2 - 3*a + 4. Let w be s(-5). Let l(y) = -y**3 - 5*y**2 + 7*y - 5. What is l(w)?
-11
Let m(g) = -g + 3. Let f(q) = -q**2 + 12*q - 4. Let c be f(11). Give m(c).
-4
Let d(y) = -2 - y**2 - y - 3*y - y. Suppose -20 - 10 = -5*k. Suppose -4*b + k*b + 8 = 0. What is d(b)?
2
Let h(c) = -3*c**2 + 78*c - 79*c + 2*c**2. Calculate h(0).
0
Let v be (-2)/(-4)*0 - -2. Suppose 4*d - 1 = -2*m - 3, -5*m = -d + 27. Let q(s) = -5*s**d + 4*s**2 + 2*s**v - 6*s - 4 + 2. Give q(5).
-7
Let a be 3*(-2 + 4) - 2. Let w(j) = 3 - 3*j**2 + 7*j**3 - 2*j**3 - a*j**3 - 4*j. What is w(2)?
-9
Let f(i) = 5*i**2 + i. Suppose 3*x = -x + 68. Let c = x - 18. Calculate f(c).
4
Let t(o) = 3*o. Let l be t(1). Let v be l/2 + 3/6. Let u(j) = -2*j - 7*j**v + 2*j**2 + 2*j - j. Calculate u(-1).
-4
Let d be 3/(3 - (0 - -2)/1). Let v(c) = -c**3 + 2*c**2 + 5*c - 4. Calculate v(d).
2
Let z be (5/(-20))/(1/(-28)). Let o(a) = -a**3 + 6*a**2 + 6*a + 1. Calculate o(z).
-6
Let s(f) = -f - 1. Suppose 0 = 4*k - 9*k. Suppose -4*y - y + 20 = k. Determine s(y).
-5
Suppose -4*r + 3*r = -6. Let w(n) = n**3 - 7*n**2 + 5*n - 5. What is w(r)?
-11
Let h = 26 - 20. Let k(j) = 1 - 3 - h*j + 5*j. Give k(4).
-6
Let y(z) = -z**2 - z - 1. Suppose -2*f = 3*f - 2*k + 16, -10 = -f - 4*k. What is y(f)?
-3
Suppose 4*s + 5*x + 40 = 2*x, -18 = 2*s + x. Let g(l) = -l**3 - 6*l**2 + 3*l - 6. Give g(s).
22
Let j(w) = -26*w**3 - w**2 + 11*w. Let d(k) = 5*k**3 - 2*k. Let g(l) = 11*d(l) + 2*j(l). Calculate g(2).
16
Let o = -2 + 7. Let j(x) = x**2 - 5*x. Determine j(o).
0
Let j(d) be the second derivative of d**5/60 - d**4/12 - 3*d**2/2 + 2*d. Let i(k) be the first derivative of j(k). Determine i(-2).
8
Let f be 6 + 5/((-10)/6). Let z = f - 0. Let p(n) be the second derivative of -n**5/20 + n**4/6 + 2*n**3/3 + n**2/2 - n. Calculate p(z).
4
Let j = 5 - 9. Let c(m) = m + 1. Let r(t) = -2*t - 2. Let v(o) = j*c(o) - r(o). Suppose -7 = 5*g - 2*i, 4*i + 0 + 4 = 4*g. Calculate v(g).
4
Suppose -5 = -5*z + 10. Let o be (-1)/z - 57/(-9). Let a(c) = -c + 1. Determine a(o).
-5
Let x = 17 - -7. Let q be (x/60)/(1/15). Let u(i) = -i**2 + 6*i - 7. Give u(q).
-7
Let q(c) = -c - 1. Suppose 7 + 1 = -2*a. Let y = 9 - 2. Let o = a + y. What is q(o)?
-4
Let a(q) be the first derivative of 9*q**2/2 - q + 3. What is a(1)?
8
Let t(y) = -y**2 + 3*y + 7. Let q be 0 - 5 - 1/1. Let g(l) = -7 + 3 - 3 + 4*l - 5*l**2 - l**3. Let h be g(q). What is t(h)?
-3
Let t be (-1 - (2 + -2))/((-2)/6). Let m(u) = 3*u + 3. What is m(t)?
12
Let j be 6/21 - (-6)/(-21). Let v(a) be the first derivative of -1/3*a**3 + 2*a + 1/2*a**2 - 1. Determine v(j).
2
Suppose -14 = -4*g + 6. Let q(t) = g + 6 + 2*t - 6. Give q(-4).
-3
Suppose 5*h = 2*z + z - 14, 12 = -4*z - h. Let m(n) be the third derivative of -n**4/6 - n**3/6 - 2*n**2. Determine m(z).
7
Let p(d) = d + 2. Let j(t) = -5*t + 3. Let v(a) = j(a) + 2*p(a). Calculate v(5).
-8
Let q be (-55)/(-5)*6/3. Let d be 122/(-18) + q/(-99). Let a(f) = f**3 + 7*f**2 - 2*f - 7. What is a(d)?
7
Let h(n) = 2*n + 6. Let s be h(-4). Let f be (-34)/8 + s/(-8). Let o(k) = k + 4. Let l(p) = -p - 4. Let v(c) = -3*l(c) - 2*o(c). Calculate v(f).
0
Let h(x) = -5*x + x + 0*x. Let q(n) = n**3 + 18*n**2 - 2. Let g be q(-18). Calculate h(g).
8
Let c be (-2)/5 - 4/(-10)*6. Suppose -2*b + 0*n + 8 = 4*n, 2*b + 8 = 4*n. Let m(h) = b*h**2 - h**c - 5*h**3 + 4*h**3 + 2 + 2*h. Calculate m(-2).
2
Let n(j) = 2*j + 52 + 4*j**2 - 49 + 2*j**2 - 5*j**2. Let x = 0 - 2. Give n(x).
3
Let n be ((-6)/4)/((-6)/12). Let v(d) = -5*d + 2*d**2 + 6*d**n - d**2 - 5*d**3 + 4*d**2 + 6. What is v(-6)?
0
Let m be (4 + -1)/((-9)/(-6)). Let k(a) = -2*a**2 - a**2 + 2 - 4*a + 2*a**2 + m*a**2. Determine k(5).
7
Let z = -2 - -3. Let i(p) be the first derivative of 0*p - 10/3*p**3 + 1/2*p**2 + 4. Give i(z).
-9
Let i(r) = -7*r - 11. Let a(g) = -2*g - 3*g + 2*g - 5 + 0*g. Let k(b) = 9*a(b) - 4*i(b). Determine k(-1).
-2
Let i(a) = -3 - a**2 + a - 2 + 7. Determine i(-2).
-4
Let j(l) = -6*l + 10*l - 4*l**2 + 3*l**2 - 5. Suppose -4*k + 12 = -4. Calculate j(k).
-5
Let c(y) = y - 1. Let w be 0/2*-1 - 2. Let b be (-25)/9 - w/(-9). Let z be 0 + (-2)/(b/(-3)). Calculate c(z).
-3
Let v(c) = -c**2 - 11*c - 7. Let u be v(-10). Let x(j) = -3*j - j + u*j. Give x(-5).
5
Let s(j) = -8*j**2 - 2*j - 1. Let n(g) = -6 - 1 + 3 + g**2 + 2*g + 3. Let i be n(-2). Give s(i).
-7
Let x(u) = -2*u + 3 + 3*u - 5*u. Calculate x(3).
-9
Let d(n) = -2*n + 4. Let b be (-6)/(-4) - (14/(-4) + 1). Calculate d(b).
-4
Let z(r) = 25*r**2 + 3*r - 58*r**2 - r**3 + 29*r**2 - 5. What is z(-5)?
5
Let l(g) be the second derivative of -g**4/12 - g**3/2 - 3*g**2/2 - 6*g. Suppose 0*c = -a - c - 6, -4*a = 3*c + 21. What is l(a)?
-3
Let d = -22 - -18. Let n(t) = -t**2 - 4*t - 4. What is n(d)?
-4
Let i(a) = 7*a**2 + a + 2. Let p(q) = q**2 + 1. Let x(z) = -i(z) + 6*p(z). Determine x(-3).
-2
Let p(y) = 5 + y**3 - 3*y + 0*y**3 + 7*y + y + 6*y**2. Determine p(-5).
5
Let u be (10 + 12)*(1 + (-1)/2). Let o(k) = k**3 - 10*k**2 - 10*k - 9. Calculate o(u).
2
Let k(r) be the third derivative of r**5/60 + 5*r**4/24 - r**3/3 + 2*r**2. Suppose m = 4*q + 18, 0*q - 4*q